-9.
1
Evaluate -9 + -2 + 1 + (-22 - -20) + 7.
-5
Calculate -28 - (-37 - 14) - 47.
-24
What is the value of 26 + -37 - (9 - 19)?
-1
Calculate 1 + 5 + 2 + -15 + 13.
6
Calculate 0 + 8 + (31 - 30).
9
Evaluate 22 - (50 + -25 + 1) - (0 + 4).
-8
Calculate 15 - (-37 - -18 - -2).
32
-2 + -16 + 23 - 18
-13
What is the value of (2 - (7 - 5)) + 33 + -47?
-14
What is (7 - 3 - (11 + -5 - 7)) + 6?
11
What is the value of -3 + 2 + -9 + (74 - 67)?
-3
What is the value of -6 + (-8 - -12) + -5 + -4?
-11
Calculate (17 - 10) + -17 + 2 - (4 + -1).
-11
What is (-3 - 0) + -41 - (-20 - -9)?
-33
-7 - (-25 + 16 - -5 - (3 + 0))
0
What is the value of -6 + 2 - (-35 + 55 + -18)?
-6
What is 3 - -7 - (-5 + 5 + 6)?
4
(-11 - -2) + 14 + -4
1
Calculate (-29 - -31) + -5 + -8.
-11
What is the value of -12 + -6 + 12 + -3?
-9
What is the value of -10 - (-2 + 29 + -19)?
-18
-5 + (0 - (-1 - 15 - (-4 - -3)))
10
What is the value of 4 - (-29 + 96 - 42)?
-21
What is the value of ((2 - 9) + 6 - 2) + 17 + -4?
10
What is -7 + -20 + -7 + 20?
-14
-17 - (-1 + 0) - (-2 + 1 + -2)
-13
Evaluate (-6 - -11 - -2 - 4) + -3 + -19.
-19
Evaluate 16 + -10 + -8 + (14 - 3).
9
8 - -1 - (11 + (7 - 12)) - 26
-23
Evaluate 2 + 6 + (-14 - -7) + -7 + 5.
-1
-7 + -1 - -29 - 14
7
-52 + (26 - -12) + 1 + 22
9
Calculate -10 - (11 + -22) - (-9 + 0).
10
What is 10 - (4 - (1 + (1 - -8)))?
16
Calculate -10 - (-2 - (-10 + (9 - 4))).
-13
Evaluate -18 + (18 - 2 - 11) - -13.
0
Calculate -27 + 8 + 5 + 8 + -7.
-13
What is the value of 18 - (2 + 8) - 8?
0
What is (4 + 15 - 7) + -6?
6
What is the value of 25 - ((5 - (18 - -2)) + -1 + 7)?
34
What is the value of 1 + (0 - (4 + (3 - (10 + -3))))?
1
Evaluate -4 + (17 + (-4 - 1) - 6) - 8.
-6
Evaluate -7 + 16 + -7 + -7 - (16 + -12).
-9
-2 + (32 - 6) - (4 + -3 + -2)
25
1 + -9 + -6 + 24 + -8
2
What is the value of (-6 - (-20 + 18)) + -26?
-30
What is the value of -9 - (-16 + 23 + 10 + -14)?
-12
What is the value of -27 + (-25 - -40) + 13?
1
Calculate -99 + 110 + (1 - (-2 + -20)) + 1.
35
Evaluate -17 + 25 + -7 - 8 - -8.
1
Calculate (8 + 4 - 21) + 0.
-9
Calculate (6 + -11 - (-13 + -1)) + -9.
0
What is the value of 2 + -23 + 1 - -14?
-6
What is the value of (-26 + 30 - -26) + -28?
2
Evaluate -14 + (18 - 12) - 2.
-10
Evaluate -9 + 15 + (8 + -6 + -5 - -8).
11
Calculate (1 - 0) + -8 + (12 - -6).
11
Evaluate (-11 - 2 - -12) + -8 - (1 + 0).
-10
5 - (13 + (-4 - (-3 + -2 + 2)))
-7
What is 34 + -1 - (-139 - -160)?
12
What is -7 + (-18 - -15) - (1 + -6)?
-5
Evaluate 10 - 1 - (2 + (3 - 5) - 3).
12
-5 + 12 + (-16 - -3) + (17 - 5)
6
Evaluate 7 + -20 + (-2 - 6) - 2.
-23
What is the value of 28 + (-22 - (-25 - -8))?
23
Calculate -3 - (-11 - (-22 - -18)).
4
What is -3 + ((-5 - -11) + 4 + 0 - -9)?
16
What is 0 + -40 + 33 + -1 + 0 + 1?
-7
-5 - (1 - 22 - (44 - 48))
12
Calculate 17 - (5 + (1 - (8 + -5 - 4))).
10
Calculate (-7 - -17) + 20 - 18.
12
Evaluate 1 + 4 + -17 - -26.
14
Calculate (-4 - -2) + -5 + (-17 + 5 - -6).
-13
(-466 - -472) + 6 + 1
13
What is -81 + 75 + (0 - (-3 - -3)) - 6?
-12
What is -1 - (15 - 5 - (-1 - -3))?
-9
5 - (-23 + 33 + (-6 - 1))
2
3 - (4 + 0) - (10 - (41 + -28))
2
(-2 - (2 - -29)) + (0 - 3) - -6
-30
2 - 3 - (-1 + 4) - (-176 + 185)
-13
What is -3 + ((3 - 2) + -7 - -4) + 2?
-3
What is the value of 15 + (-1 - (12 - 1)) + 2 + -31?
-26
(42 - -2) + -16 - 29
-1
31 + 8 + -30 + (-1 - 4)
4
Evaluate (4 - 19) + (7 - -16) - 2.
6
Evaluate -2 + -9 + (-2 - -2) - (-54 + 57).
-14
Calculate -17 - (1 + 7 + -7 + (-1 - -6)).
-23
Calculate -151 - -112 - (-17 + -2).
-20
Calculate -2 - (-40 - -27) - 26.
-15
Evaluate -6 + -2 + 7 - (3 + -2 - -28).
-30
Evaluate -17 + -1 - (24 - (-32 - -64)).
-10
What is the value of (-13 - -2) + 5 - (-5 - 5)?
4
Calculate -14 + 31 + 21 + -16.
22
Calculate 7 + (-4 - -10 - (-1 - -1)).
13
-32 - (1 + -5 - (-57 - -67))
-18
Evaluate (-16 - -9) + 9 + -3 - 3.
-4
What is the value of -104 + 91 + (4 - -49)?
40
Calculate -7 - (6 + -1 - 13).
1
What is -3 + 9 - (1 - (-16 + 5 + 3))?
-3
Evaluate 17 + -3 + 0 + (121 - 118).
17
What is the value of (29 - (16 + 53)) + 74?
34
What is the value of (22 - 2) + 448 + -472?
-4
Calculate 9 - 2 - 11 - 0.
-4
Evaluate 30 + 32 + -34 + (-2 - (-6 + -2)).
34
Evaluate 0 + 9 + 14 + (-99 - -88).
12
Calculate 0 - (32 + -43) - (-1 + -3).
15
30 + (-71 - -38) + -12 + -2 + 2
-15
Calculate -34 + 2 + 4 + (-4 - (7 + -12)).
-27
What is 1 + -16 - (-1 + -3 - (-10 - -6))?
-15
What is 232 - 237 - (-3 + -8 - -1)?
5
Calculate 0 + (13 - 23) + -9.
-19
Calculate 39 + -41 + 3 + 0.
1
What is the value of -4 - (5 + -11 + -1) - (1 - 1)?
3
-2547 - -2548 - (-2 - -1 - (-4 + 1))
-1
-21 + (16 + -10 - -2)
-13
What is the value of -5 + (-6 - -16) + -9 + 12 + -8?
0
Evaluate 8 - -4 - ((8 + 6 - 10) + 43).
-35
What is -2 + -6 + 2 + (11 - 13)?
-8
Evaluate 0 - -13 - (0 + 12).
1
What is 2 + 5 - ((-3 - 8) + 12)?
6
What is the value of -29 + 59 + -25 - (17 + -3)?
-9
20 + (-10 - (0 + 0)) + (9 - -1)
20
(62 - 75) + (0 - -1)
-12
Calculate -15 - (-13 + (0 - 21)) - (-7 + 2).
24
What is -17 + 25 + (-6 - (2 + -3))?
3
25 + -25 + (-2 - 10) - 12
-24
Evaluate 2 + (2 - 17) + (-10 + -6 - -19).
-10
(-1 - -4) + -59 + 53 + (1 - 11)
-13
Calculate (15 - 14) + 22 + -20.
3
12 - ((13 - -2) + -7)
4
Calculate -14 + (-19 - (2 + -19)).
-16
Evaluate -9 - ((-12 - -10 - 5) + 8) - -27.
17
-22 + (8 - -4) - -20 - -13
23
(60 - -7) + -85 + (-2 - (-1 + 2))
-21
Calculate -466 + 471 + (-2 - 0).
3
Calculate -3 - (38 + -4) - (-13 - (-4 + -8)).
-36
What is the value of -10 - 1 - ((-9 - 1) + -3)?
2
What is the value of 6 + -1 + 6 - (-5 - (10 + -7))?
19
2 + 1 + -1 + 0
2
Evaluate -6 - ((2 - (12 - 9)) + 0).
-5
What is the value of -1 - (-3 + (6 - (3 - 1)))?
-2
Evaluate (-11 - -1) + 2 + 5.
-3
2 - -20 - (29 - -8)
-15
(-16 - (-9 + -29) - 5) + -26
-9
Calculate (-18 - (8 - 6 - 6)) + -11 + 6.
-19
12 - (5 - (10 - (-4 - -18)))
3
Calculate 188 - 219 - (-1 + -21).
-9
What is 28 + (-10 + 22 - 6)?
34
Evaluate -5 + (4 - (-7 + -3 + 14)).
-5
-11 - (9 + -17 + -23)
20
Evaluate -7 - (38 - 38) - (-1 + -25).
19
Evaluate -38 - (-88 - -24) - -6.
32
Evaluate -5 + (-115 + 116 - (-6 - -1)) + 5.
6
What is -63 - -60 - (1 + -1 + -6)?
3
What is (1 - -10) + (8 - (-12 + 18) - 7)?
6
What is the value of (-7 - -1) + 8 - (-4 + 4)?
2
What is -18 - (14 + -14) - (-8 + 0)?
-10
What is 47 + -70 + (-5 - -10)?
-18
-12 + 5 - (8 - (-10 - -6)) - -5
-14
What is (-14 - -29) + (16 - 37)?
-6
71 + -73 - (0 + 3 + -12 - 4)
11
Calculate 7 - (6 - (11 - 2 - (-9 + 17))).
2
What is the value of 9 + -12 + 9 + -4 - 7?
-5
1 + 1 + (122 - 108)
16
What is -15 + -23 + 20 + 1?
-17
Calculate (76 - (13 - -23)) + -34.
6
Calculate (-2 - (38 - 20)) + 27.
7
What is -26 + (-1 + 3 - (0 - 3)) - 1?
-22
Evaluate 3 - 23 - (15 + -40 + 5).
0
Calculate -22 - (52 + -95) - (-1 + 0 + -1).
23
What is 11 + -28 - (2 - (9 + -3 + 1))?
-12
-10 - (-54 + -28 + 73)
-1
-9 - (3 + -7 + 1 - -8)
-14
What is -47 + -16 + (-8 - -85)?
14
Evaluate 4 - (-4 + 3) - (12 + -5) - 11.
-13
-10 + -11 + 22 + (0 - 5)
-4
0 - (1 + 6) - (54 + (-105 - -55))
-11
Calculate -49 - (-2 - 44) - (4 - 10).
3
-15 + (7 - (9 - 5))
-12
What is -8 + (-3 - -6 - -10) + -5?
0
What is the value of (15 - 14) + -4 + -23?
-26
What is 45 - 15 - (56 + -22)?
-4
What is (1 + 5 - 7) + -4 + (-1 - 14)?
-20
What is the value of 0 - (34 + (3 + 9 - 21)) - 1?
-26
-37 + 0 + 24 + (13 - 21)
-21
Calculate 0 + (-2 - (1 - 1)) + -3 - 3.
-8
Evaluate (0 - 3) + (1 + -4 - 5).
-11
-4 - (118 + -132 + (8 - 1))
3
Calculate -3 - -6 - 2 - (-13 - -8).
6
Evaluate -6 + 8 + -1 + -1 + -2 + 31.
29
(21 - -5) + (13 - 29)
10
What is 21 + 3 + 65 + -77?
12
What is the value of -63 - -62 - (-2 - 1 - -9)?
-7
What is 2 + -25 + (-7 - 17) + 40?
-7
What is the value of -6 + (5 - (2 - 3) - (17 - 9))?
-8
What is -18 + (-1 + -13 - -27)?
-5
Evaluate -16 - (-1 + -7) - (-8 - -1).
-1
What is (-1 - (-9 - 1)) + -1?
8
Calculate 7 + (-26 - -1) + (14 - 3 - 6).
-13
What is -7 + (2 + 15 - 11)?
-1
What is 173 - 154 - (35 + 0)?
-16
-4 + 5 + (-7 - -13) + (-8 - 1)
-2
Evaluate -11 + (1 + 19 - (-46 - -60)).
-5
Calculate -1 + -14 + 14 - -10 - 3.
6
Calculate -6 + -6 + -9 + 18.
-3
Calculate -4 - (-5 - -2) - 15 - -6.
-10
What is (4 - -10) + 9 + -15?
8
What is the value of 825 + -813 - (-10 + (-3 - -2))?
23
What is 0 + -15 - (13 - 10) - (0 - 4)?
-14
What is the value of (12 - (5 + -8)) + -4 - -4?
15
(-9 - -7 - -32) + -37
-7
What is the value of